{"id":868,"date":"2018-05-03T15:17:39","date_gmt":"2018-05-03T13:17:39","guid":{"rendered":"http:\/\/wpoffice\/enfold-lawyer\/?page_id=811"},"modified":"2023-07-17T17:41:27","modified_gmt":"2023-07-17T15:41:27","slug":"la-princessa","status":"publish","type":"page","link":"https:\/\/melanie-vehmeier.de\/?page_id=868","title":{"rendered":"LA PRINCESSA"},"content":{"rendered":"\n<style type=\"text\/css\" data-created_by=\"avia_inline_auto\" id=\"style-css-av-145nae-5008813bfcfe81a7c53fe8b3e144dd5b\">\n.avia-section.av-145nae-5008813bfcfe81a7c53fe8b3e144dd5b{\nbackground-color:#bd787d;\nbackground-image:unset;\n}\n.avia-section.av-145nae-5008813bfcfe81a7c53fe8b3e144dd5b .av-extra-border-element .av-extra-border-inner{\nbackground-color:#bd787d;\n}\n<\/style>\n<div id='av_section_1'  class='avia-section av-145nae-5008813bfcfe81a7c53fe8b3e144dd5b main_color avia-section-default avia-no-border-styling  avia-builder-el-0  el_before_av_section  avia-builder-el-first  avia-bg-style-scroll av-arrow-down-section av-minimum-height av-minimum-height-custom av-height-custom  container_wrap fullsize'   data-av_minimum_height_px='350'><div class='container av-section-cont-open' style='height:350px'><main  role=\"main\" itemprop=\"mainContentOfPage\"  class='template-page content  av-content-full alpha units'><div class='post-entry post-entry-type-page post-entry-868'><div class='entry-content-wrapper clearfix'>\n\n<style type=\"text\/css\" data-created_by=\"avia_inline_auto\" id=\"style-css-av-jgf3pjem-090cbe0990f711a2ac1ba0f4aa1d52b2\">\n#top .flex_column.av-jgf3pjem-090cbe0990f711a2ac1ba0f4aa1d52b2{\nmargin-top:0px;\nmargin-bottom:0px;\n}\n.flex_column.av-jgf3pjem-090cbe0990f711a2ac1ba0f4aa1d52b2{\nborder-radius:0px 0px 0px 0px;\npadding:0px 0px 0px 0px;\n}\n.responsive #top #wrap_all .flex_column.av-jgf3pjem-090cbe0990f711a2ac1ba0f4aa1d52b2{\nmargin-top:0px;\nmargin-bottom:0px;\n}\n<\/style>\n<div  class='flex_column av-jgf3pjem-090cbe0990f711a2ac1ba0f4aa1d52b2 av_one_full  avia-builder-el-1  avia-builder-el-no-sibling  first flex_column_div av-animated-generic left-to-right av-zero-column-padding  '     ><style type=\"text\/css\" data-created_by=\"avia_inline_auto\" id=\"style-css-av-jtga56d1-bb40e80faa2d20160ae19e622f4733ac\">\n#top .av-special-heading.av-jtga56d1-bb40e80faa2d20160ae19e622f4733ac{\nmargin:0 0 0 0;\npadding-bottom:0;\ncolor:#ffffff;\nfont-size:80px;\n}\nbody .av-special-heading.av-jtga56d1-bb40e80faa2d20160ae19e622f4733ac .av-special-heading-tag .heading-char{\nfont-size:25px;\n}\n#top #wrap_all .av-special-heading.av-jtga56d1-bb40e80faa2d20160ae19e622f4733ac .av-special-heading-tag{\nfont-size:80px;\n}\n.av-special-heading.av-jtga56d1-bb40e80faa2d20160ae19e622f4733ac .special-heading-inner-border{\nborder-color:#ffffff;\n}\n.av-special-heading.av-jtga56d1-bb40e80faa2d20160ae19e622f4733ac .av-subheading{\nfont-size:20px;\n}\n\n@media only screen and (min-width: 480px) and (max-width: 767px){ \n#top #wrap_all .av-special-heading.av-jtga56d1-bb40e80faa2d20160ae19e622f4733ac .av-special-heading-tag{\nfont-size:0.8em;\n}\n}\n\n@media only screen and (max-width: 479px){ \n#top #wrap_all .av-special-heading.av-jtga56d1-bb40e80faa2d20160ae19e622f4733ac .av-special-heading-tag{\nfont-size:0.8em;\n}\n}\n<\/style>\n<div  class='av-special-heading av-jtga56d1-bb40e80faa2d20160ae19e622f4733ac av-special-heading-h1 custom-color-heading blockquote modern-quote modern-centered  avia-builder-el-2  avia-builder-el-no-sibling  av-inherit-size'><h1 class='av-special-heading-tag '  itemprop=\"headline\"  >La Princessa<\/h1><div class='av_custom_color av-subheading av-subheading_below'><p>beste Freundin &amp; Trainerin<\/p>\n<\/div><div class=\"special-heading-border\"><div class=\"special-heading-inner-border\"><\/div><\/div><\/div><\/div>\n\n<\/div><\/div><\/main><!-- close content main element --><\/div><div class='av-extra-border-element border-extra-arrow-down'><div class='av-extra-border-outer'><div class='av-extra-border-inner'><\/div><\/div><\/div><\/div><div id='av_section_2'  class='avia-section av-145nae-37213e1dd815cc61f242e6bab2331955 main_color avia-section-large avia-no-shadow  avia-builder-el-3  el_after_av_section  el_before_av_layout_row  avia-bg-style-scroll container_wrap fullsize'  ><div class='container av-section-cont-open' ><div class='template-page content  av-content-full alpha units'><div class='post-entry post-entry-type-page post-entry-868'><div class='entry-content-wrapper clearfix'>\n\n<style type=\"text\/css\" data-created_by=\"avia_inline_auto\" id=\"style-css-av-1kbp16-3421f18de359c4df72201708db8118ca\">\n.flex_column.av-1kbp16-3421f18de359c4df72201708db8118ca{\nborder-radius:0px 0px 0px 0px;\npadding:0px 0px 0px 0px;\n}\n<\/style>\n<div  class='flex_column av-1kbp16-3421f18de359c4df72201708db8118ca av_one_full  avia-builder-el-4  avia-builder-el-no-sibling  first flex_column_div av-animated-generic bottom-to-top av-zero-column-padding  '     ><p>\n<style type=\"text\/css\" data-created_by=\"avia_inline_auto\" id=\"style-css-av-jtga9kvr-a7d5a2506816f2bd83e57f9f59c388af\">\n#top .av-special-heading.av-jtga9kvr-a7d5a2506816f2bd83e57f9f59c388af{\npadding-bottom:10px;\nfont-size:50px;\n}\nbody .av-special-heading.av-jtga9kvr-a7d5a2506816f2bd83e57f9f59c388af .av-special-heading-tag .heading-char{\nfont-size:25px;\n}\n#top #wrap_all .av-special-heading.av-jtga9kvr-a7d5a2506816f2bd83e57f9f59c388af .av-special-heading-tag{\nfont-size:50px;\n}\n.av-special-heading.av-jtga9kvr-a7d5a2506816f2bd83e57f9f59c388af .av-subheading{\nfont-size:20px;\n}\n\n@media only screen and (min-width: 480px) and (max-width: 767px){ \n#top #wrap_all .av-special-heading.av-jtga9kvr-a7d5a2506816f2bd83e57f9f59c388af .av-special-heading-tag{\nfont-size:0.8em;\n}\n}\n\n@media only screen and (max-width: 479px){ \n#top #wrap_all .av-special-heading.av-jtga9kvr-a7d5a2506816f2bd83e57f9f59c388af .av-special-heading-tag{\nfont-size:0.8em;\n}\n}\n<\/style>\n<div  class='av-special-heading av-jtga9kvr-a7d5a2506816f2bd83e57f9f59c388af av-special-heading-h2 blockquote modern-quote modern-centered  avia-builder-el-5  el_before_av_hr  avia-builder-el-first  av-inherit-size'><h2 class='av-special-heading-tag '  itemprop=\"headline\"  >Danke,<br \/>\ndass du an meiner Seite bist<\/h2><div class=\"special-heading-border\"><div class=\"special-heading-inner-border\"><\/div><\/div><\/div><br \/>\n\n<style type=\"text\/css\" data-created_by=\"avia_inline_auto\" id=\"style-css-av-jfjntthx-6ebf4560c3cc8ac733ab478818a0ec9c\">\n#top .hr.av-jfjntthx-6ebf4560c3cc8ac733ab478818a0ec9c{\nmargin-top:30px;\nmargin-bottom:30px;\n}\n.hr.av-jfjntthx-6ebf4560c3cc8ac733ab478818a0ec9c .hr-inner{\nwidth:50px;\nborder-color:#bd787d;\nmax-width:45%;\n}\n.hr.av-jfjntthx-6ebf4560c3cc8ac733ab478818a0ec9c .av-seperator-icon{\ncolor:#bd787d;\n}\n.hr.av-jfjntthx-6ebf4560c3cc8ac733ab478818a0ec9c .av-seperator-icon.avia-svg-icon svg:first-child{\nfill:#bd787d;\nstroke:#bd787d;\n}\n<\/style>\n<div  class='hr av-jfjntthx-6ebf4560c3cc8ac733ab478818a0ec9c hr-custom  avia-builder-el-6  el_after_av_heading  avia-builder-el-last  hr-center hr-icon-yes'><span class='hr-inner inner-border-av-border-thin'><span class=\"hr-inner-style\"><\/span><\/span><span class='av-seperator-icon avia-iconfont avia-font-entypo-fontello' data-av_icon='\ue806' data-av_iconfont='entypo-fontello' ><\/span><span class='hr-inner inner-border-av-border-thin'><span class=\"hr-inner-style\"><\/span><\/span><\/div><\/p><\/div>\n\n<\/div><\/div><\/div><!-- close content main div --><\/div><\/div><div id='av-layout-grid-1'  class='av-layout-grid-container av-81u0ml-8efffba8f9af7cfc4b703663cb41d5e7 entry-content-wrapper main_color av-flex-cells  avia-builder-el-7  el_after_av_section  el_before_av_layout_row  grid-row-not-first  container_wrap fullsize'  >\n\n<style type=\"text\/css\" data-created_by=\"avia_inline_auto\" id=\"style-css-av-skimt-4984913a62835c7640fc2f6d196f68b4\">\n.flex_cell.av-skimt-4984913a62835c7640fc2f6d196f68b4{\nvertical-align:middle;\nheight:600px;\nmin-height:600px;\nbackground:url(https:\/\/melanie-vehmeier.de\/wp-content\/uploads\/2019\/03\/LaPrincessa-Fohlen-Mind-Vision.jpg) 50% 0% no-repeat scroll ;\n}\n.responsive #top #wrap_all .flex_cell.av-skimt-4984913a62835c7640fc2f6d196f68b4{\npadding:0px 0px 0px 0px !important;\n}\n<\/style>\n<div class='flex_cell av-skimt-4984913a62835c7640fc2f6d196f68b4 av-gridrow-cell av_one_third no_margin  avia-builder-el-8  el_before_av_cell_two_third  avia-builder-el-first  content-align-middle av-zero-padding avia-full-contain'  ><div class='flex_cell_inner'><\/div><\/div>\n<style type=\"text\/css\" data-created_by=\"avia_inline_auto\" id=\"style-css-av-7pnuph-133a2fa69c5887b307b566b37b83fed9\">\n.flex_cell.av-7pnuph-133a2fa69c5887b307b566b37b83fed9{\nvertical-align:top;\nheight:600px;\nmin-height:600px;\n}\n.responsive #top #wrap_all .flex_cell.av-7pnuph-133a2fa69c5887b307b566b37b83fed9{\npadding:30px 60px 90px 60px !important;\n}\n<\/style>\n<div class='flex_cell av-7pnuph-133a2fa69c5887b307b566b37b83fed9 av-gridrow-cell av_two_third no_margin  avia-builder-el-9  el_after_av_cell_one_third  avia-builder-el-last  content-align-top'  ><div class='flex_cell_inner'><p>\n<style type=\"text\/css\" data-created_by=\"avia_inline_auto\" id=\"style-css-av-87gh0-394f31295e7c550c634e622abd7a29a2\">\n#top .av-special-heading.av-87gh0-394f31295e7c550c634e622abd7a29a2{\npadding-bottom:10px;\nfont-size:50px;\n}\nbody .av-special-heading.av-87gh0-394f31295e7c550c634e622abd7a29a2 .av-special-heading-tag .heading-char{\nfont-size:25px;\n}\n#top #wrap_all .av-special-heading.av-87gh0-394f31295e7c550c634e622abd7a29a2 .av-special-heading-tag{\nfont-size:50px;\n}\n.av-special-heading.av-87gh0-394f31295e7c550c634e622abd7a29a2 .av-subheading{\nfont-size:15px;\n}\n\n@media only screen and (min-width: 480px) and (max-width: 767px){ \n#top #wrap_all .av-special-heading.av-87gh0-394f31295e7c550c634e622abd7a29a2 .av-special-heading-tag{\nfont-size:0.8em;\n}\n}\n\n@media only screen and (max-width: 479px){ \n#top #wrap_all .av-special-heading.av-87gh0-394f31295e7c550c634e622abd7a29a2 .av-special-heading-tag{\nfont-size:0.8em;\n}\n}\n<\/style>\n<div  class='av-special-heading av-87gh0-394f31295e7c550c634e622abd7a29a2 av-special-heading-h2 blockquote modern-quote  avia-builder-el-10  el_before_av_textblock  avia-builder-el-first  av-inherit-size'><h2 class='av-special-heading-tag '  itemprop=\"headline\"  >La Princessa<\/h2><div class='av-subheading av-subheading_below'><p>Spanische Pferdedame<\/p>\n<\/div><div class=\"special-heading-border\"><div class=\"special-heading-inner-border\"><\/div><\/div><\/div><br \/>\n<section  class='av_textblock_section av-175vxm-7f3c72646d03b1909db2962c49445551 '   itemscope=\"itemscope\" itemtype=\"https:\/\/schema.org\/CreativeWork\" ><div class='avia_textblock'  itemprop=\"text\" ><p>Geboren: 2003 in Spanien<\/p>\n<p>2007 habe ich meine liebste spanische Pferdedame in M\u00fchlheim an der Ruhr, bei Simone Lienert, <a title=\"Caballos de la Luz\" href=\"https:\/\/www.caballos-de-la-luz.de\/\" target=\"_blank\" rel=\"noopener noreferrer\">Caballos de la Luz<\/a> gefunden.<\/p>\n<p>Anfangs noch etwas unf\u00f6rmig und unscheinbar, mit After-Baby-Bauch, von ihrem wundervollen Fohlen Majestra, Zottelm\u00e4hne, Zottelschweif und ziemlich grau.<\/p>\n<p>Doch mit ein wenig <a title=\"Melanie-Vehmeier.de - Mind Vision\" href=\"https:\/\/melanie-vehmeier.de\/\" target=\"_blank\" rel=\"noopener noreferrer\">Mind Vision<\/a> konnte ich mir vorstellen, wie sie einmal aussehen k\u00f6nnte \ud83d\ude0a.<\/p>\n<p>Wei\u00df, muskul\u00f6s, stolz und wundersch\u00f6n!<\/p>\n<\/div><\/section><\/p>\n<\/div><\/div>\n<\/div>\n<div id='av-layout-grid-2'  class='av-layout-grid-container av-81u0ml-8efffba8f9af7cfc4b703663cb41d5e7 entry-content-wrapper main_color av-flex-cells  avia-builder-el-12  el_after_av_layout_row  el_before_av_layout_row  grid-row-not-first  container_wrap fullsize'  >\n\n<style type=\"text\/css\" data-created_by=\"avia_inline_auto\" id=\"style-css-av-7pnuph-133a2fa69c5887b307b566b37b83fed9\">\n.flex_cell.av-7pnuph-133a2fa69c5887b307b566b37b83fed9{\nvertical-align:top;\nheight:600px;\nmin-height:600px;\n}\n.responsive #top #wrap_all .flex_cell.av-7pnuph-133a2fa69c5887b307b566b37b83fed9{\npadding:30px 60px 90px 60px !important;\n}\n<\/style>\n<div class='flex_cell av-7pnuph-133a2fa69c5887b307b566b37b83fed9 av-gridrow-cell av_one_half no_margin  avia-builder-el-13  el_before_av_cell_one_half  avia-builder-el-first  content-align-top'  ><div class='flex_cell_inner'><p>\n<style type=\"text\/css\" data-created_by=\"avia_inline_auto\" id=\"style-css-av-7mosc-2213d97758630f43f17b06310ae24e1d\">\n#top .av-special-heading.av-7mosc-2213d97758630f43f17b06310ae24e1d{\npadding-bottom:10px;\nfont-size:50px;\n}\nbody .av-special-heading.av-7mosc-2213d97758630f43f17b06310ae24e1d .av-special-heading-tag .heading-char{\nfont-size:25px;\n}\n#top #wrap_all .av-special-heading.av-7mosc-2213d97758630f43f17b06310ae24e1d .av-special-heading-tag{\nfont-size:50px;\n}\n.av-special-heading.av-7mosc-2213d97758630f43f17b06310ae24e1d .av-subheading{\nfont-size:15px;\n}\n\n@media only screen and (min-width: 480px) and (max-width: 767px){ \n#top #wrap_all .av-special-heading.av-7mosc-2213d97758630f43f17b06310ae24e1d .av-special-heading-tag{\nfont-size:0.8em;\n}\n}\n\n@media only screen and (max-width: 479px){ \n#top #wrap_all .av-special-heading.av-7mosc-2213d97758630f43f17b06310ae24e1d .av-special-heading-tag{\nfont-size:0.8em;\n}\n}\n<\/style>\n<div  class='av-special-heading av-7mosc-2213d97758630f43f17b06310ae24e1d av-special-heading-h2 blockquote modern-quote  avia-builder-el-14  el_before_av_textblock  avia-builder-el-first  av-inherit-size'><h2 class='av-special-heading-tag '  itemprop=\"headline\"  >So wie heute:<\/h2><div class=\"special-heading-border\"><div class=\"special-heading-inner-border\"><\/div><\/div><\/div><br \/>\n<section  class='av_textblock_section av-175vxm-7f3c72646d03b1909db2962c49445551 '   itemscope=\"itemscope\" itemtype=\"https:\/\/schema.org\/CreativeWork\" ><div class='avia_textblock'  itemprop=\"text\" ><p>Anfangs sind wir einen ganz \u201enormalen\u201c Weg gegangen. Anlogieren, Anreiten, und soweit alle Kn\u00f6pfe einstellen, dass wir gut durchs Gel\u00e4nde kommen \ud83d\ude09<\/p>\n<p>Doch irgendwie kamen wir, trotz netter und guter Trainern nicht wirklich auf einen Nenner.<\/p>\n<p>Als wir 2010 unseren ersten Kurs bei <a title=\"Honza Blaha\" href=\"https:\/\/linefreecollection.cz\/de\" target=\"_blank\" rel=\"noopener noreferrer\">Honza Blaha<\/a> zusammen erleben durften startete unsere beste Zeit\u2026die bis heute andauert!<\/p>\n<p>Honza hat uns geholfen einander zuzuh\u00f6ren und unser Zusammensein um 180C zu drehen.<\/p>\n<p>Mit Geduld, Ruhe, Respekt, Tr\u00e4nen aber auch mit ganz viel Freude sind wir zu dem geworden, was wir heute sind, wenn wir gemeinsame Zeit zusammen verbringen: EINS!<\/p>\n<p>Und genau das ist es, was ich meinen Sch\u00fclerinnen und Sch\u00fclern weitergeben m\u00f6chte.<\/p>\n<p>Was gibt es sch\u00f6neres als sein Pferd in und auswendig zu kennen und dessen Fragen und Antworten zu versteht.<\/p>\n<p>Durch LaPrincessa habe ich gelernt, dass alle W\u00fcnsche und Visionen Wirklichkeit werden k\u00f6nnen. Das Tempo der Umsetzung bestimmt aber immer das Pferd.<\/p>\n<p>H\u00e4lt man sich nicht an die vorgeschriebene Geschwindigkeit (die uns jedes Pferd individuell auferlegt, Physio- und Psychologisch!) wird es zu Irritationen und Frustrationen kommen, f\u00fcr die das Pferd keine Schuld tr\u00e4gt.<\/p>\n<p>LaPrincessa ist einfach die beste Pferdedame,-Freundin und -Trainerin die ich mir in meinem Leben ertr\u00e4umen konnte.<\/p>\n<\/div><\/section><\/p>\n<\/div><\/div>\n<style type=\"text\/css\" data-created_by=\"avia_inline_auto\" id=\"style-css-av-bmajg-5a7a5aaf815af5b3a6cff2198514b502\">\n.flex_cell.av-bmajg-5a7a5aaf815af5b3a6cff2198514b502{\nvertical-align:top;\nheight:600px;\nmin-height:600px;\nbackground:url(https:\/\/melanie-vehmeier.de\/wp-content\/uploads\/2019\/03\/Melanie-Vehmeier-Mind-Vision-Freestyleriding-Gallop4-1.jpg) 50% 0% no-repeat scroll ;\n}\n.responsive #top #wrap_all .flex_cell.av-bmajg-5a7a5aaf815af5b3a6cff2198514b502{\npadding:0px 0px 0px 0px !important;\n}\n<\/style>\n<div class='flex_cell av-bmajg-5a7a5aaf815af5b3a6cff2198514b502 av-gridrow-cell av_one_half no_margin  avia-builder-el-16  el_after_av_cell_one_half  avia-builder-el-last  content-align-top av-zero-padding avia-full-contain'  ><div class='flex_cell_inner'><\/div><\/div>\n<\/div>\n<div id='av-layout-grid-3'  class='av-layout-grid-container av-81u0ml-392e87b0e0ee86e76ac5ba66ad0c4583 entry-content-wrapper main_color av-flex-cells  avia-builder-el-17  el_after_av_layout_row  avia-builder-el-last  grid-row-not-first  container_wrap fullsize'  >\n\n<style type=\"text\/css\" data-created_by=\"avia_inline_auto\" id=\"style-css-av-7pnuph-51b99fc140ee032bf820b0977b6b8058\">\n.flex_cell.av-7pnuph-51b99fc140ee032bf820b0977b6b8058{\nvertical-align:top;\nheight:800px;\nmin-height:800px;\nbackground:url(https:\/\/melanie-vehmeier.de\/wp-content\/uploads\/2019\/03\/LaPrincessa-Mind-Vision.jpg) 50% 0% no-repeat scroll ;\n}\n.responsive #top #wrap_all .flex_cell.av-7pnuph-51b99fc140ee032bf820b0977b6b8058{\npadding:30px 60px 90px 60px !important;\n}\n<\/style>\n<div class='flex_cell av-7pnuph-51b99fc140ee032bf820b0977b6b8058 av-gridrow-cell av_one_full no_margin  avia-builder-el-18  avia-builder-el-no-sibling  content-align-top avia-full-stretch'  ><div class='flex_cell_inner'><\/div><\/div><\/div>","protected":false},"excerpt":{"rendered":"","protected":false},"author":2,"featured_media":0,"parent":154,"menu_order":2,"comment_status":"closed","ping_status":"closed","template":"","meta":{"footnotes":""},"class_list":["post-868","page","type-page","status-publish","hentry"],"_links":{"self":[{"href":"https:\/\/melanie-vehmeier.de\/index.php?rest_route=\/wp\/v2\/pages\/868","targetHints":{"allow":["GET"]}}],"collection":[{"href":"https:\/\/melanie-vehmeier.de\/index.php?rest_route=\/wp\/v2\/pages"}],"about":[{"href":"https:\/\/melanie-vehmeier.de\/index.php?rest_route=\/wp\/v2\/types\/page"}],"author":[{"embeddable":true,"href":"https:\/\/melanie-vehmeier.de\/index.php?rest_route=\/wp\/v2\/users\/2"}],"replies":[{"embeddable":true,"href":"https:\/\/melanie-vehmeier.de\/index.php?rest_route=%2Fwp%2Fv2%2Fcomments&post=868"}],"version-history":[{"count":2,"href":"https:\/\/melanie-vehmeier.de\/index.php?rest_route=\/wp\/v2\/pages\/868\/revisions"}],"predecessor-version":[{"id":2626,"href":"https:\/\/melanie-vehmeier.de\/index.php?rest_route=\/wp\/v2\/pages\/868\/revisions\/2626"}],"up":[{"embeddable":true,"href":"https:\/\/melanie-vehmeier.de\/index.php?rest_route=\/wp\/v2\/pages\/154"}],"wp:attachment":[{"href":"https:\/\/melanie-vehmeier.de\/index.php?rest_route=%2Fwp%2Fv2%2Fmedia&parent=868"}],"curies":[{"name":"wp","href":"https:\/\/api.w.org\/{rel}","templated":true}]}}