{"id":1081,"date":"2019-03-04T16:44:24","date_gmt":"2019-03-04T15:44:24","guid":{"rendered":"https:\/\/melanie-vehmeier.de\/?page_id=1081"},"modified":"2023-07-17T17:22:38","modified_gmt":"2023-07-17T15:22:38","slug":"impressum","status":"publish","type":"page","link":"https:\/\/melanie-vehmeier.de\/?page_id=1081","title":{"rendered":"IMPRESSUM"},"content":{"rendered":"\n<style type=\"text\/css\" data-created_by=\"avia_inline_auto\" id=\"style-css-av-145nae-087407e9f167f2511d4cbbd1c614bf0a\">\n.avia-section.av-145nae-087407e9f167f2511d4cbbd1c614bf0a{\nbackground-color:#bd787d;\nbackground-image:unset;\n}\n<\/style>\n<div id='av_section_1'  class='avia-section av-145nae-087407e9f167f2511d4cbbd1c614bf0a main_color avia-section-default avia-no-border-styling  avia-builder-el-0  el_before_av_one_fifth  avia-builder-el-first  avia-bg-style-scroll av-minimum-height av-minimum-height-custom av-height-custom  container_wrap fullsize'   data-av_minimum_height_px='230'><div class='container av-section-cont-open' style='height:230px'><main  role=\"main\" itemprop=\"mainContentOfPage\"  class='template-page content  av-content-full alpha units'><div class='post-entry post-entry-type-page post-entry-1081'><div class='entry-content-wrapper clearfix'>\n\n<style type=\"text\/css\" data-created_by=\"avia_inline_auto\" id=\"style-css-av-jgf3pjem-ee2a691ebc0a9a100bc99d372a9c72ca\">\n#top .flex_column.av-jgf3pjem-ee2a691ebc0a9a100bc99d372a9c72ca{\nmargin-top:0px;\nmargin-bottom:0px;\n}\n.flex_column.av-jgf3pjem-ee2a691ebc0a9a100bc99d372a9c72ca{\nborder-radius:0px 0px 0px 0px;\npadding:0px 0px 0px 0px;\n}\n.responsive #top #wrap_all .flex_column.av-jgf3pjem-ee2a691ebc0a9a100bc99d372a9c72ca{\nmargin-top:0px;\nmargin-bottom:0px;\n}\n<\/style>\n<div  class='flex_column av-jgf3pjem-ee2a691ebc0a9a100bc99d372a9c72ca av_one_full  avia-builder-el-1  avia-builder-el-no-sibling  first flex_column_div av-animated-generic left-to-right av-zero-column-padding  '     ><style type=\"text\/css\" data-created_by=\"avia_inline_auto\" id=\"style-css-av-jsuipqtk-682bb9f5de437def050e516b0057a4cc\">\n#top .av-special-heading.av-jsuipqtk-682bb9f5de437def050e516b0057a4cc{\nmargin:0 0 0 0;\npadding-bottom:0;\ncolor:#ffffff;\nfont-size:5vw;\n}\nbody .av-special-heading.av-jsuipqtk-682bb9f5de437def050e516b0057a4cc .av-special-heading-tag .heading-char{\nfont-size:25px;\n}\n#top #wrap_all .av-special-heading.av-jsuipqtk-682bb9f5de437def050e516b0057a4cc .av-special-heading-tag{\nfont-size:5vw;\n}\n.av-special-heading.av-jsuipqtk-682bb9f5de437def050e516b0057a4cc .special-heading-inner-border{\nborder-color:#ffffff;\n}\n.av-special-heading.av-jsuipqtk-682bb9f5de437def050e516b0057a4cc .av-subheading{\nfont-size:25px;\n}\n\n@media only screen and (min-width: 480px) and (max-width: 767px){ \n#top #wrap_all .av-special-heading.av-jsuipqtk-682bb9f5de437def050e516b0057a4cc .av-special-heading-tag{\nfont-size:0.8em;\n}\n}\n\n@media only screen and (max-width: 479px){ \n#top #wrap_all .av-special-heading.av-jsuipqtk-682bb9f5de437def050e516b0057a4cc .av-special-heading-tag{\nfont-size:0.8em;\n}\n}\n<\/style>\n<div  class='av-special-heading av-jsuipqtk-682bb9f5de437def050e516b0057a4cc av-special-heading-h1 custom-color-heading blockquote modern-quote modern-centered  avia-builder-el-2  avia-builder-el-no-sibling  av-inherit-size'><h1 class='av-special-heading-tag '  itemprop=\"headline\"  >Impressum<\/h1><div class=\"special-heading-border\"><div class=\"special-heading-inner-border\"><\/div><\/div><\/div><\/div>\n<\/div><\/div><\/main><!-- close content main element --><\/div><\/div><div id='after_section_1'  class='main_color av_default_container_wrap container_wrap fullsize'  ><div class='container av-section-cont-open' ><div class='template-page content  av-content-full alpha units'><div class='post-entry post-entry-type-page post-entry-1081'><div class='entry-content-wrapper clearfix'>\n\n<style type=\"text\/css\" data-created_by=\"avia_inline_auto\" id=\"style-css-av-5so0xl-a93434b4f757c0ddd05c3a9666dfd0b1\">\n.flex_column.av-5so0xl-a93434b4f757c0ddd05c3a9666dfd0b1{\nborder-radius:0px 0px 0px 0px;\npadding:0px 0px 0px 0px;\n}\n<\/style>\n<div  class='flex_column av-5so0xl-a93434b4f757c0ddd05c3a9666dfd0b1 av_one_fifth  avia-builder-el-3  el_after_av_section  el_before_av_three_fifth  avia-builder-el-first  first flex_column_div av-zero-column-padding  '     ><\/div>\n\n<style type=\"text\/css\" data-created_by=\"avia_inline_auto\" id=\"style-css-av-499fdl-4663a6a590c2a7da3c01030594080f43\">\n.flex_column.av-499fdl-4663a6a590c2a7da3c01030594080f43{\nborder-radius:0px 0px 0px 0px;\npadding:0px 0px 0px 0px;\n}\n<\/style>\n<div  class='flex_column av-499fdl-4663a6a590c2a7da3c01030594080f43 av_three_fifth  avia-builder-el-4  el_after_av_one_fifth  el_before_av_one_fifth  flex_column_div av-zero-column-padding  '     ><section  class='av_textblock_section av-jsu3hvms-e7b876eb36f974f113b2f22b4edcab22 '   itemscope=\"itemscope\" itemtype=\"https:\/\/schema.org\/CreativeWork\" ><div class='avia_textblock'  itemprop=\"text\" ><p style=\"text-align: justify;\">Dieses Impressum gilt f\u00fcr die Seite <a href=\"http:\/\/melanie-vehmeier.de\/\">melanie-vehmeier.de<\/a>,\u00a0 sowie f\u00fcr die Social Media\u00a0 Auftritte von Melanie Vehmeier &#8211; Mind Vision auf: <a title=\"facebook.com\/MelanieVehmeierMindVision\" href=\"https:\/\/www.facebook.com\/MelanieVehmeierMindVision\" target=\"_blank\" rel=\"noopener noreferrer\" data-wpel-link=\"exclude\">Facebook<\/a>, <a title=\"instagram.com\/melanievehmeier\" href=\"https:\/\/www.instagram.com\/melanievehmeier\/\" target=\"_blank\" rel=\"noopener noreferrer\" data-wpel-link=\"exclude\">Instagram<\/a> , <a title=\"Melanie Vehmeier - YouTube\" href=\"https:\/\/www.youtube.com\/channel\/UCYCTFhfu5k4R3SjXLim-1cQ\">YouTube<\/a><\/p>\n<h2 style=\"text-align: justify;\">Angaben gem\u00e4\u00df \u00a7 5 TMG<\/h2>\n<p style=\"text-align: justify;\">Melanie Vehmeier<br \/>\nMind Vision<br \/>\nItterstr. 36<br \/>\nD-40589 D\u00fcsseldorf<\/p>\n<h2 style=\"text-align: justify;\">Kontakt<\/h2>\n<p style=\"text-align: justify;\">Telefon: <a href=\"tel:+491727051751\">+49 172 7051 751<\/a><br \/>\nE-Mail: <a href=\"mailto:info@melanie-vehmeier.de?subject=Kontakt via Impressum\">info@melanie-vehmeier.de<\/a><\/p>\n<h2 style=\"text-align: justify;\">Umsatzsteuer<\/h2>\n<p style=\"text-align: justify;\">Umsatzsteuer-Identifikationsnummer gem\u00e4\u00df \u00a727 a Umsatzsteuergesetz:<br \/>\nDE 3160 96434<\/p>\n<h2 style=\"text-align: justify;\">Angaben zur Berufshaftpflichtversicherung<\/h2>\n<p style=\"text-align: justify;\">Name und Sitz des Versicherers:<br \/>\nUelzener Allgemeine<br \/>\nVersicherungs-Gesellschaft a.G.<br \/>\nVeer\u00dferstra\u00dfe 65\/67<br \/>\n29525 Uelzen<\/p>\n<p style=\"text-align: justify;\">Geltungsraum der Versicherung: Weltweit<\/p>\n<h2 style=\"text-align: justify;\">Verantwortlich f\u00fcr den Inhalt nach \u00a7 55 Abs. 2 RStV<\/h2>\n<p style=\"text-align: justify;\">Melanie Vehmeier<br \/>\nItterstr. 36<br \/>\nD-40589 D\u00fcsseldorf<\/p>\n<h2 style=\"text-align: justify;\">Streitschlichtung<\/h2>\n<p style=\"text-align: justify;\">Die Europ\u00e4ische Kommission stellt eine Plattform zur Online-Streitbeilegung (OS) bereit: <a href=\"https:\/\/ec.europa.eu\/consumers\/odr\" target=\"_blank\" rel=\"noopener noreferrer\">https:\/\/ec.europa.eu\/consumers\/odr<\/a>.<br \/>\nUnsere E-Mail-Adresse finden Sie oben im Impressum.<\/p>\n<p style=\"text-align: justify;\">Wir sind nicht bereit oder verpflichtet, an Streitbeilegungsverfahren vor einer Verbraucherschlichtungsstelle teilzunehmen.<\/p>\n<h2 style=\"text-align: justify;\">Haftung f\u00fcr Inhalte<\/h2>\n<p style=\"text-align: justify;\">Als Diensteanbieter sind wir gem\u00e4\u00df \u00a7 7 Abs.1 TMG f\u00fcr eigene Inhalte auf diesen Seiten nach den allgemeinen Gesetzen verantwortlich. Nach \u00a7\u00a7 8 bis 10 TMG sind wir als Diensteanbieter jedoch nicht verpflichtet, \u00fcbermittelte oder gespeicherte fremde Informationen zu \u00fcberwachen oder nach Umst\u00e4nden zu forschen, die auf eine rechtswidrige T\u00e4tigkeit hinweisen.<\/p>\n<p style=\"text-align: justify;\">Verpflichtungen zur Entfernung oder Sperrung der Nutzung von Informationen nach den allgemeinen Gesetzen bleiben hiervon unber\u00fchrt. Eine diesbez\u00fcgliche Haftung ist jedoch erst ab dem Zeitpunkt der Kenntnis einer konkreten Rechtsverletzung m\u00f6glich. Bei Bekanntwerden von entsprechenden Rechtsverletzungen werden wir diese Inhalte umgehend entfernen.<\/p>\n<h3 style=\"text-align: justify;\">Haftung f\u00fcr Links<\/h3>\n<p style=\"text-align: justify;\">Unser Angebot enth\u00e4lt Links zu externen Websites Dritter, auf deren Inhalte wir keinen Einfluss haben. Deshalb k\u00f6nnen wir f\u00fcr diese fremden Inhalte auch keine Gew\u00e4hr \u00fcbernehmen. F\u00fcr die Inhalte der verlinkten Seiten ist stets der jeweilige Anbieter oder Betreiber der Seiten verantwortlich. Die verlinkten Seiten wurden zum Zeitpunkt der Verlinkung auf m\u00f6gliche Rechtsverst\u00f6\u00dfe \u00fcberpr\u00fcft. Rechtswidrige Inhalte waren zum Zeitpunkt der Verlinkung nicht erkennbar.<\/p>\n<p style=\"text-align: justify;\">Eine permanente inhaltliche Kontrolle der verlinkten Seiten ist jedoch ohne konkrete Anhaltspunkte einer Rechtsverletzung nicht zumutbar. Bei Bekanntwerden von Rechtsverletzungen werden wir derartige Links umgehend entfernen.<\/p>\n<h3 style=\"text-align: justify;\">Urheberrecht<\/h3>\n<p style=\"text-align: justify;\">Die durch die Seitenbetreiber erstellten Inhalte und Werke auf diesen Seiten unterliegen dem deutschen Urheberrecht. Die Vervielf\u00e4ltigung, Bearbeitung, Verbreitung und jede Art der Verwertung au\u00dferhalb der Grenzen des Urheberrechtes bed\u00fcrfen der schriftlichen Zustimmung des jeweiligen Autors bzw. Erstellers. Downloads und Kopien dieser Seite sind nur f\u00fcr den privaten, nicht kommerziellen Gebrauch gestattet.<\/p>\n<p style=\"text-align: justify;\">Soweit die Inhalte auf dieser Seite nicht vom Betreiber erstellt wurden, werden die Urheberrechte Dritter beachtet. Insbesondere werden Inhalte Dritter als solche gekennzeichnet. Sollten Sie trotzdem auf eine Urheberrechtsverletzung aufmerksam werden, bitten wir um einen entsprechenden Hinweis. Bei Bekanntwerden von Rechtsverletzungen werden wir derartige Inhalte umgehend entfernen.<\/p>\n<h2 style=\"text-align: justify;\">Bildquellen:<\/h2>\n<p style=\"text-align: justify;\">Ausf\u00fchrliche Informationen zu den hier verwendeten Bildern oder Grafiken findest du <a title=\"Bildquellen - Sirpa&#039;s welt\" href=\"https:\/\/melanie-vehmeier.de\/?page_id=1087\">hier<\/a>.<\/p>\n<h2 style=\"text-align: justify;\">Datenschutz<\/h2>\n<p style=\"text-align: justify;\">Wichtige Hinweise zum Schutz deiner pers\u00f6nlichen Daten erh\u00e4ltst du <a title=\"Datenschutz\" href=\"https:\/\/melanie-vehmeier.de\/?page_id=1075\" target=\"_blank\" rel=\"noopener noreferrer\">hier.<\/a><\/p>\n<h2 style=\"text-align: justify;\">Konzeption \/ Gestaltung :<\/h2>\n<p style=\"text-align: justify;\"><a title=\"Sirpa Mastall\" href=\"https:\/\/sirpamastall.com\" target=\"_blank\" rel=\"noopener noreferrer\">Sirpa Mastall <\/a><\/p>\n<\/div><\/section><\/div>\n<style type=\"text\/css\" data-created_by=\"avia_inline_auto\" id=\"style-css-av-2pw449-d0e35de418f55d60a02c60b9fb937411\">\n.flex_column.av-2pw449-d0e35de418f55d60a02c60b9fb937411{\nborder-radius:0px 0px 0px 0px;\npadding:0px 0px 0px 0px;\n}\n<\/style>\n<div  class='flex_column av-2pw449-d0e35de418f55d60a02c60b9fb937411 av_one_fifth  avia-builder-el-6  el_after_av_three_fifth  avia-builder-el-last  flex_column_div av-zero-column-padding  '     ><\/div><\/p>","protected":false},"excerpt":{"rendered":"","protected":false},"author":2,"featured_media":0,"parent":0,"menu_order":29,"comment_status":"closed","ping_status":"closed","template":"","meta":{"footnotes":""},"class_list":["post-1081","page","type-page","status-publish","hentry"],"_links":{"self":[{"href":"https:\/\/melanie-vehmeier.de\/index.php?rest_route=\/wp\/v2\/pages\/1081","targetHints":{"allow":["GET"]}}],"collection":[{"href":"https:\/\/melanie-vehmeier.de\/index.php?rest_route=\/wp\/v2\/pages"}],"about":[{"href":"https:\/\/melanie-vehmeier.de\/index.php?rest_route=\/wp\/v2\/types\/page"}],"author":[{"embeddable":true,"href":"https:\/\/melanie-vehmeier.de\/index.php?rest_route=\/wp\/v2\/users\/2"}],"replies":[{"embeddable":true,"href":"https:\/\/melanie-vehmeier.de\/index.php?rest_route=%2Fwp%2Fv2%2Fcomments&post=1081"}],"version-history":[{"count":3,"href":"https:\/\/melanie-vehmeier.de\/index.php?rest_route=\/wp\/v2\/pages\/1081\/revisions"}],"predecessor-version":[{"id":2683,"href":"https:\/\/melanie-vehmeier.de\/index.php?rest_route=\/wp\/v2\/pages\/1081\/revisions\/2683"}],"wp:attachment":[{"href":"https:\/\/melanie-vehmeier.de\/index.php?rest_route=%2Fwp%2Fv2%2Fmedia&parent=1081"}],"curies":[{"name":"wp","href":"https:\/\/api.w.org\/{rel}","templated":true}]}}